. What is the units digit of d?
9
Let g(j) = j**3 - 3*j**2 + 2*j - 7. Let s(i) = -i + 1. Let c(b) = g(b) - s(b). Let x(t) = -4*t. Let a be x(-1). What is the tens digit of c(a)?
2
Suppose 5*g + 2*l + 3 = -24, -3*l - 3 = 0. Let c(b) = 3*b**2 + 7*b - 4. Let d be c(g). Suppose 7*x - 5*x - d = 0. What is the tens digit of x?
1
Suppose 0 = -5*u - 2*m + 14, -3*u - 1 - 3 = -5*m. Let s be (46/u)/((-1)/21). What is the units digit of ((-4)/6)/(14/s)?
3
Let r(y) = -3*y + 5. Let x be r(-7). Let b = -37 + x. Let l(o) = -o**3 - 11*o**2 - 3*o - 6. What is the tens digit of l(b)?
2
Suppose 4*t - 11968 = -4*o, 5*o = -99*t + 98*t + 14940. What is the tens digit of o?
8
Let t = -2744 - -4058. What is the hundreds digit of t?
3
Suppose 2*y = 7*y. Let l(z) = -z + 2. Let q be l(y). Let p(b) = 3*b**2 - 2. What is the units digit of p(q)?
0
Let k = 17 - 99. Let j = 118 + k. Suppose r = 7*r - j. What is the units digit of r?
6
Let t = 180 - 80. Let u = t - 33. What is the tens digit of u?
6
Let y = 12 + -9. Suppose -8 = -4*f, -2*q - 4*f = y + 5. Let u(b) = 2*b**2 + 10*b + 6. What is the units digit of u(q)?
4
Let x(h) = h**3 - 12*h**2 + 9*h + 22. What is the hundreds digit of x(15)?
8
Suppose -1222 = -33*r - 67. What is the units digit of r?
5
Let y be ((-3)/1)/(6/(-100)). Suppose 86 = -13*c + 15*c. Suppose -4*n + y = 2*u, 2*n - 4*u = u + c. What is the tens digit of n?
1
Let n(u) be the second derivative of 0 + 1/3*u**3 + 3*u + 1/4*u**5 - 1/4*u**4 + u**2. What is the units digit of n(2)?
4
Let p(x) = 2*x**2 - 35*x - 17. What is the units digit of p(-12)?
1
Let i be ((-172)/3)/(3*(-1)/9). Suppose 3*t - i = t. What is the units digit of t?
6
Suppose 4*o + y = 416, 2*o - 4*y + 509 = 7*o. Suppose 2*t + t - o = 3*z, -4*t - 15 = z. Let m = z - -55. What is the units digit of m?
4
Let f = 13 - 35. Let z = f + 66. What is the tens digit of z?
4
Let c(u) be the first derivative of u**3/3 - 2*u**2 + 4*u + 6. Let b be c(4). Suppose -z = 2*v - v - 10, -24 = -b*v + 4*z. What is the units digit of v?
8
Let j(m) = 3*m**2 + 41*m - 7. What is the hundreds digit of j(9)?
6
Suppose i + 2360 = 6*i. What is the tens digit of i?
7
Let s(k) = k**3 - 14*k**2 + 15. Let f be s(14). What is the tens digit of f/60 - (-287)/4?
7
Let x = 319 - -2349. What is the thousands digit of x?
2
Let b(o) = 414*o + 3. Let l be b(1). Suppose 6*d + 111 = l. What is the tens digit of d?
5
Let j = 74 - 72. What is the hundreds digit of 4 + (6/j - -105)?
1
Let z(c) = -c**2 - 7*c + 1. Let t be z(-5). Let n(q) = -q**2 + 15*q + 48. What is the units digit of n(t)?
2
Let j be (-726)/27 - (-5)/(-45). Let s = j + 34. What is the units digit of s?
7
Let x = -22 - -118. What is the units digit of ((-9)/4)/((-36)/x)?
6
Let o be (-6)/(-6)*0/(-2). Suppose -6*x + 36 = -o*x. What is the units digit of x?
6
Let s be 3*2/(-3) + 175. Let d = 118 - s. Let v = 93 + d. What is the tens digit of v?
3
Suppose -5*b + 728 = -3*b. What is the units digit of b?
4
Suppose -2*c = c + 3. Let p(h) = -5*h**2 - 1. Let y be p(c). What is the units digit of (-2)/y - (-224)/21?
1
Let c(p) = 2*p + 5. Let k be c(3). Suppose 13*y = k*y + 102. What is the tens digit of y?
5
Suppose -9 = 3*b, -b - 2*b = 4*z - 83. Suppose z = -h + 88. What is the units digit of h?
5
Suppose -2*t + 1180 = -4*k, -k + 1742 = -3*t + 6*t. What is the tens digit of t?
8
Let x be (-1411)/(-5) - (-11)/(-55). Suppose x = 2*g + 4*g. What is the tens digit of g?
4
What is the units digit of 3/(-9) - 3/(-9) - -86?
6
Let a be 1*((-12)/1)/(-3). What is the units digit of (-146)/a*-2 + -4?
9
Let w be 8 + 1 + 3/(-1). Let z be w/3 + (2 - 0). Suppose n - 115 = -z*n. What is the units digit of n?
3
Let c = 57 + -53. What is the hundreds digit of (c + (6 - 8))/((-4)/(-362))?
1
Suppose 3314 = -2*v - 4*o, -4070 = 3*v - o + 908. What is the tens digit of v/(-28) + (-1)/4?
5
Suppose -g = 2*q + 5, 4*q + 2*g + 16 = -2*g. What is the units digit of 1 + q - (-204 - 24)?
8
Suppose 0 = 4*h - 5*y - 6584, -3095 = -5*h + 4*y + 5144. What is the tens digit of h?
5
Let o = 4 + -2. Suppose -2*v + 4*r = -106, v + o*r - 61 = -0*v. What is the units digit of v?
7
Let k(c) = c**3 + c**2 - 3*c + 2. Let r be k(2). Let d = r - 8. Let n = 22 + d. What is the units digit of n?
2
Let a be (273/26)/((-1)/(-10)*-1). Let w = -158 + 84. Let x = w - a. What is the tens digit of x?
3
Suppose 0*y + 2*m + 8 = 3*y, -y + 2*m = -4. Suppose 71 - 333 = -y*z. What is the hundreds digit of z?
1
What is the units digit of (-9 - (-984)/16)*(-268)/(-5)?
4
What is the tens digit of 1*8 - (-39 + -1242)?
8
Let r = 1 - -37. What is the hundreds digit of 4/r + (-48705)/(-285)?
1
Let v = -294 + 947. What is the units digit of v?
3
Let t(u) = u**3 - 9*u**2 + 8*u + 2. Let y be t(8). Suppose -y*z - 11 = -17. Suppose -z*o - 33 = -87. What is the units digit of o?
8
Let y(l) = -l**3 - 4*l**2 - 6*l - 11. Let x(q) = -2*q**3 + 3*q**2 + q - 3. Let h be x(2). What is the units digit of y(h)?
4
What is the units digit of (-840)/(-80)*116/3?
6
Let v(b) = b**3 + 15 - 2 - 5*b**2 - 2*b - b**2. What is the units digit of v(6)?
1
Let y(q) = q**3 - q**2 - 11*q - 1. What is the hundreds digit of y(8)?
3
Let r(q) = -6*q + 14. Let j be r(4). Let c = j - -14. What is the tens digit of (2 - -90)/c - 4?
1
Suppose -3*t - 4*n - 413 = 0, -t - 152 + 9 = -4*n. Let d = t + 196. What is the tens digit of d?
5
Suppose -5*z + 0*z = -65. Suppose -c + 4*o + z = -3, -4*o = -4*c + 16. What is the units digit of 55 - (-2 - c/4)?
7
Suppose -5*j - 20 = 0, 4*y + 2*j = -0*y - 1656. What is the units digit of (-3)/(-6) + y/(-8)?
2
Let g be -3*(1 - (-96)/(-3)). Suppose 2*h = 117 + g. Suppose 4*x + 1 = h. What is the tens digit of x?
2
Let c(t) = 2*t**3 - 120*t**2 - 121*t + 196. What is the hundreds digit of c(61)?
2
Let u(b) be the second derivative of b**6/120 + 3*b**5/40 - b**4/6 + 2*b**3 + b. Let f(z) be the second derivative of u(z). What is the units digit of f(-7)?
0
Let i = 28 + -36. Let n(f) = f**2 + 7*f - 9. Let j be n(i). What is the units digit of 12/7*(-21)/j?
6
Let d = 1 - -1. Suppose -o = -2*o - 4*y + 39, 2*y = d. Let p = -1 + o. What is the units digit of p?
4
Suppose 8*h = -2*h + 4180. Let l = -298 + h. What is the units digit of l?
0
Let u be (-46)/(-8) + 3/(-4). Suppose u*b = 4*b + 1. What is the units digit of (-560)/(-10) - 2*b?
4
Let l = -24 + 52. Let p = 74 + l. What is the tens digit of p?
0
Let a(t) = -t**3 - 3*t**2 + 4*t + 4. Let c be a(-4). Suppose -2*g + 278 = c*j - 0*g, -3*j - 3*g = -207. What is the tens digit of j?
7
Let f(h) = 9*h**3 + 1 - 5*h**2 - 22*h**3 - h + 4*h**2. What is the tens digit of f(-1)?
1
Let n be 12 - 2/(-1)*-2. Let m be 12/n*(-8)/(-3). Suppose -4*q + 285 - 50 = 3*z, m*q - z - 247 = 0. What is the units digit of q?
1
Let p = 2 + -7. Let r(j) = -4*j - 9. Let t(s) = -3*s - 6. Let a(g) = p*r(g) + 7*t(g). What is the tens digit of a(-13)?
1
Let m = 31 - 33. Let x be -2*(m - (-3 - -3)). Suppose -x*b + g + 15 = -69, -4*b = -5*g - 68. What is the units digit of b?
2
Suppose 21 - 5 = -2*z - 4*s, -5*s + 40 = -5*z. What is the units digit of (z/6)/(5*4/(-1050))?
0
Suppose 2*u = 4*u - 104. Suppose 0 = 3*q + q + 16, 4*n = -3*q + u. Suppose 3*a + 5*h = 111 - n, -4*a - 3*h = -112. What is the tens digit of a?
2
Let d(c) be the third derivative of -c**6/120 + c**5/12 + 23*c**4/24 - c**3/3 - 25*c**2. What is the units digit of d(7)?
1
What is the units digit of ((-5906)/(-8))/(9/(21 + 15))?
3
Suppose 4*n - 317 = 23. Let t = n - 38. What is the tens digit of t - 0/(-2 + 5)?
4
Let a(p) = -3*p**3 + 3*p**2 - 4*p. Let g be a(3). Let q = 124 + g. What is the tens digit of q?
5
Let j(i) = i - 2. Let p be j(7). Suppose -3*r + 7*r = 2*u - 2, 8 = 3*u - p*r. What is the units digit of u?
1
Let z = -4260 - -6033. What is the tens digit of z?
7
Suppose -4*q + 5*h + 1763 = 0, 2*h + 91 = -2*q + 959. What is the hundreds digit of q?
4
Let r be (-115)/45*-3 - (-3)/9. Suppose 0 = -3*k + r*k - 285. What is the tens digit of k?
5
Let w = 6 + -4. Suppose -2*m - w*z - 3*z - 10 = 0, -3*m = 5*z + 10. Suppose 3*y = -m*y + 45. What is the tens digit of y?
1
Suppose -4*k + 871 = -1445. What is the units digit of k?
9
Let i = -63 + -59. Let d = i + 250. What is the units digit of d?
8
Suppose q - 4*r = 97, 0 = 2*q + 4*r - 143 - 3. Let j = 148 - q. What is the units digi